 prime factors of 113279958.
2, 3, 11, 5779
List the prime factors of 62691669.
3, 1741, 4001
List the prime factors of 627309227.
18593, 33739
List the prime factors of 330896979.
3, 7, 5252333
List the prime factors of 270787295.
5, 73, 741883
List the prime factors of 45086153.
7, 421, 15299
What are the prime factors of 104508416?
2, 102059
List the prime factors of 38501476.
2, 13, 797, 929
What are the prime factors of 44792559?
3, 7, 29, 24517
List the prime factors of 22276946.
2, 11138473
List the prime factors of 1799645815.
5, 11, 32720833
What are the prime factors of 132149457?
3, 11, 593, 2251
What are the prime factors of 92863766?
2, 46431883
List the prime factors of 351445588.
2, 13, 1399, 4831
What are the prime factors of 47957887?
47957887
List the prime factors of 202508558.
2, 7, 14464897
What are the prime factors of 580916390?
2, 5, 58091639
List the prime factors of 3156625737.
3, 1949, 179957
What are the prime factors of 182056397?
31, 5872787
List the prime factors of 33487310.
2, 5, 19, 23, 79, 97
What are the prime factors of 16338181?
16338181
What are the prime factors of 58014676?
2, 17, 19, 83, 541
What are the prime factors of 2004180336?
2, 3, 433, 32143
List the prime factors of 742830059.
107, 6942337
List the prime factors of 82715030.
2, 5, 17, 486559
List the prime factors of 138392045.
5, 11, 1481, 1699
What are the prime factors of 30109684?
2, 11, 684311
List the prime factors of 4539362150.
2, 5, 41, 653, 3391
What are the prime factors of 116978396?
2, 89, 328591
List the prime factors of 275188864.
2, 139, 15467
List the prime factors of 588143142.
2, 3, 29, 1126711
List the prime factors of 276215948.
2, 69053987
List the prime factors of 1544370295.
5, 13, 101, 235243
List the prime factors of 1963399487.
7, 37, 1217, 6229
What are the prime factors of 117740603?
117740603
List the prime factors of 918478459.
29, 31671671
List the prime factors of 4547501853.
3, 17, 89166703
List the prime factors of 206114789.
59, 3493471
What are the prime factors of 47389394?
2, 13, 1822669
List the prime factors of 3203245485.
3, 5, 11, 17, 347, 1097
What are the prime factors of 361910722?
2, 17, 439, 24247
What are the prime factors of 1840776587?
13, 89, 1590991
List the prime factors of 258489051.
3, 41, 51257
What are the prime factors of 391590749?
11, 499, 71341
What are the prime factors of 2138905457?
13, 227, 724807
List the prime factors of 2932931981.
7, 673, 622571
List the prime factors of 605291124.
2, 3, 691, 72997
What are the prime factors of 1424707889?
11, 31, 107, 39047
List the prime factors of 223308603.
3, 7, 1181527
What are the prime factors of 323347522?
2, 161673761
What are the prime factors of 71881180?
2, 5, 7, 19, 61, 443
List the prime factors of 615946559.
24133, 25523
List the prime factors of 3198558313.
17, 193, 974873
What are the prime factors of 45512352?
2, 3, 158029
What are the prime factors of 377307833?
7, 19, 37, 76673
What are the prime factors of 791752221?
3, 13, 367, 18439
What are the prime factors of 5801599?
5801599
List the prime factors of 2888849004.
2, 3, 8101, 29717
What are the prime factors of 231626083?
13, 17817391
List the prime factors of 834179826.
2, 3, 53, 2623207
List the prime factors of 85844427.
3, 4643, 6163
What are the prime factors of 605212463?
605212463
What are the prime factors of 26095192?
2, 3261899
List the prime factors of 24662393.
7, 17, 73, 167
What are the prime factors of 165399019?
139, 797, 1493
List the prime factors of 2157768431.
7, 13, 2347, 10103
List the prime factors of 4525798986.
2, 3, 29, 61, 89, 1597
List the prime factors of 7056033638.
2, 3528016819
List the prime factors of 528965381.
7, 101, 748183
List the prime factors of 9561933.
3, 61, 17417
List the prime factors of 1778138057.
1778138057
What are the prime factors of 199754559?
3, 47, 157411
List the prime factors of 20933478.
2, 3, 19, 2267
What are the prime factors of 1477884422?
2, 7, 105563173
What are the prime factors of 135894362?
2, 17, 43, 92951
List the prime factors of 98330442.
2, 3, 7, 2341201
What are the prime factors of 52181652?
2, 3, 4348471
List the prime factors of 1611063447.
3, 7, 19, 193, 20921
What are the prime factors of 246116093?
101, 2436793
What are the prime factors of 4063636435?
5, 23, 5861, 6029
What are the prime factors of 22060512?
2, 3, 2837
What are the prime factors of 1751695430?
2, 5, 353, 496231
List the prime factors of 364849009.
7, 52121287
List the prime factors of 245913953.
23, 10691911
List the prime factors of 2473994693.
19, 130210247
List the prime factors of 122625526.
2, 61312763
List the prime factors of 323186914.
2, 73, 2213609
List the prime factors of 803166429.
3, 13, 3257, 6323
What are the prime factors of 77738214?
2, 3, 41, 251, 1259
What are the prime factors of 835903998?
2, 3, 3041, 15271
List the prime factors of 14985614.
2, 7, 131, 8171
List the prime factors of 8332776.
2, 3, 115733
What are the prime factors of 517294872?
2, 3, 7184651
List the prime factors of 895630399.
37, 24206227
What are the prime factors of 57227064?
2, 3, 2384461
List the prime factors of 2284511996.
2, 13, 43932923
List the prime factors of 25100955.
3, 5, 11, 16903
What are the prime factors of 987574062?
2, 3, 29, 5675713
List the prime factors of 5920131797.
47, 127, 167, 5939
What are the prime factors of 162632667?
3, 29, 1869341
List the prime factors of 2420644212.
2, 3, 7, 17, 59, 61, 157
List the prime factors of 188443755.
3, 5, 353, 11863
List the prime factors of 56122831.
17, 3301343
List the prime factors of 219610451.
219610451
What are the prime factors of 176490925?
5, 13, 37, 1129
List the prime factors of 64324322.
2, 397, 81013
List the prime factors of 40317797.
13, 3101369
List the prime factors of 8535669989.
7, 11, 751, 147607
List the prime factors of 3673961709.
3, 11, 1657, 67189
List the prime factors of 65513638.
2, 32756819
List the prime factors of 146662133.
146662133
List the prime factors of 31223418.
2, 3, 43, 121021
List the prime factors of 10610429.
23, 461323
List the prime factors of 302247245.
5, 149, 405701
List the prime factors of 7011521238.
2, 3, 37, 2447, 12907
List the prime factors of 128548612.
2, 41, 67, 11699
List the prime factors of 1609694723.
7, 13, 43, 411371
List the prime factors of 1319933572.
2, 19, 3433, 5059
List the prime factors of 3320163691.
13, 131, 149969
List the prime factors of 54105293.
11, 19, 83, 3119
List the prime factors of 561199899.
3, 13, 14389741
What are the prime factors of 291354162?
2, 3, 11, 4414457
List the prime factors of 412602154.
2, 1249, 165173
What are the prime factors of 2846176340?
2, 5, 7, 31, 103, 6367
List the prime factors of 5039064844.
2, 11, 307, 3083
What are the prime factors of 6280424653?
6280424653
List the prime factors of 377304164.
2, 4561, 20681
What are the prime factors of 3672674304?
2, 3, 13, 83, 277
List the prime factors of 1843870979.
19, 31, 83, 37717
What are the prime factors of 3364313213?
569, 773, 7649
What are the prime factors of 70732427?
17, 641, 6491
What are the prime factors of 26181476?
2, 2381, 2749
What are the prime factors of 937491033?
3, 29, 10775759
What are the prime factors of 81353046?
2, 3, 13558841
List the prime factors of 247655587.
247655587
What are the prime factors of 2624025198?
2, 3, 9817, 44549
What are the prime factors of 711091053?
3, 79010117
What are the prime factors of 18194063?
17, 829, 1291
What are the prime factors of 898007606?
2, 239, 1878677
List the prime factors of 1213947399.
3, 7, 57807019
What are the prime factors of 795822946?
2, 811, 490643
List the prime factors of 226487797.
226487797
What are the prime factors of 4174528846?
2, 367, 5687369
List the prime factors of 4240830036.
2, 3, 37, 401, 23819
What are the prime factors of 167065624?
2, 11, 619, 3067
What are the prime factors of 97618150?
2, 5, 7, 278909
List the prime factors of 21565055.
5, 937, 4603
What are the prime factors of 44329463?
139, 318917
List the prime factors of 75797208.
2, 3, 53, 2207
List the prime factors of 5290441319.
29, 5393, 33827
List the prime factors of 51745465.
5, 149, 69457
What are the prime factors of 1880685?
3, 5, 13931
List t